{"id":12166,"date":"2021-02-18T20:24:37","date_gmt":"2021-02-18T19:24:37","guid":{"rendered":"https:\/\/artandscience.infn.it\/cms\/wp-content\/uploads\/2021\/02\/infn-art-science-studente-6xtuj9-chiara-maestroni-vuoto-2.jpg.jpg"},"modified":"2021-02-24T11:24:53","modified_gmt":"2021-02-24T10:24:53","slug":"vuoto-2-2","status":"inherit","type":"attachment","link":"https:\/\/artandscience.infn.it\/en\/vuoto-2-2\/","title":{"rendered":"Vuoto"},"author":1128,"featured_media":0,"comment_status":"closed","ping_status":"closed","template":"","meta":[],"class_list":["post-12166","attachment","type-attachment","status-inherit","hentry"],"description":{"rendered":"<p class=\"attachment\"><a href='https:\/\/artandscience.infn.it\/cms\/wp-content\/uploads\/2021\/02\/infn-art-science-studente-6xtuj9-chiara-maestroni-vuoto-2.jpg.jpg'><img loading=\"lazy\" decoding=\"async\" width=\"447\" height=\"600\" src=\"https:\/\/artandscience.infn.it\/cms\/wp-content\/uploads\/2021\/02\/infn-art-science-studente-6xtuj9-chiara-maestroni-vuoto-2-447x600.jpg\" class=\"attachment-medium size-medium\" alt=\"\" srcset=\"https:\/\/artandscience.infn.it\/cms\/wp-content\/uploads\/2021\/02\/infn-art-science-studente-6xtuj9-chiara-maestroni-vuoto-2-447x600.jpg 447w, https:\/\/artandscience.infn.it\/cms\/wp-content\/uploads\/2021\/02\/infn-art-science-studente-6xtuj9-chiara-maestroni-vuoto-2.jpg 719w\" sizes=\"auto, (max-width: 447px) 100vw, 447px\" \/><\/a><\/p>\n<p>Se si cerca sul vocabolario la parola vuoto una delle definizioni \u00e8 \u201cqualcosa che non contiene ci\u00f2 che potrebbe contenere\u201d. Ecco spiegata la mia foto, un parco e delle altalene senza bambini che ridono. Dal punto di vista fisico ho pensato di concentrarmi sul piccolo perch\u00e9 penso che trovare il vuoto nell\u2019universo sia facile ma non penso sia facile trovarlo nel nostro piccolo: il nostro mondo \u00e8 pieno di materia ed \u00e8 colorato quindi dove non c&#8217;\u00e8, dove c&#8217;\u00e8 il vuoto, non c&#8217;\u00e8 neanche colore<\/p>\n"},"caption":{"rendered":"<p>Se si cerca sul vocabolario la parola vuoto una delle definizioni \u00e8 \u201cqualcosa che non contiene ci\u00f2 che potrebbe contenere\u201d. Ecco spiegata la mia foto, un parco e delle altalene senza bambini che ridono. Dal punto di vista fisico ho pensato di concentrarmi sul piccolo perch\u00e9 penso che trovare il vuoto nell\u2019universo sia facile ma [&#8230;]<\/p>\n<p><a class=\"btn btn-secondary understrap-read-more-link\" href=\"https:\/\/artandscience.infn.it\/en\/vuoto-2-2\/\">Read More&#8230;<\/a><\/p>\n"},"alt_text":"","media_type":"image","mime_type":"image\/jpeg","media_details":{"width":719,"height":966,"file":"2021\/02\/infn-art-science-studente-6xtuj9-chiara-maestroni-vuoto-2.jpg","sizes":{"medium":{"file":"infn-art-science-studente-6xtuj9-chiara-maestroni-vuoto-2-447x600.jpg","width":447,"height":600,"mime_type":"image\/jpeg","source_url":"https:\/\/artandscience.infn.it\/cms\/wp-content\/uploads\/2021\/02\/infn-art-science-studente-6xtuj9-chiara-maestroni-vuoto-2-447x600.jpg"},"thumbnail":{"file":"infn-art-science-studente-6xtuj9-chiara-maestroni-vuoto-2-300x300.jpg","width":300,"height":300,"mime_type":"image\/jpeg","source_url":"https:\/\/artandscience.infn.it\/cms\/wp-content\/uploads\/2021\/02\/infn-art-science-studente-6xtuj9-chiara-maestroni-vuoto-2-300x300.jpg"},"full":{"file":"infn-art-science-studente-6xtuj9-chiara-maestroni-vuoto-2.jpg.jpg","width":719,"height":966,"mime_type":"image\/jpeg","source_url":"https:\/\/artandscience.infn.it\/cms\/wp-content\/uploads\/2021\/02\/infn-art-science-studente-6xtuj9-chiara-maestroni-vuoto-2.jpg.jpg"}},"image_meta":{"aperture":"0","credit":"","camera":"","caption":"","created_timestamp":"0","copyright":"","focal_length":"0","iso":"0","shutter_speed":"0","title":"","orientation":"0","keywords":[]}},"post":null,"source_url":"https:\/\/artandscience.infn.it\/cms\/wp-content\/uploads\/2021\/02\/infn-art-science-studente-6xtuj9-chiara-maestroni-vuoto-2.jpg.jpg","_links":{"self":[{"href":"https:\/\/artandscience.infn.it\/en\/wp-json\/wp\/v2\/media\/12166","targetHints":{"allow":["GET"]}}],"collection":[{"href":"https:\/\/artandscience.infn.it\/en\/wp-json\/wp\/v2\/media"}],"about":[{"href":"https:\/\/artandscience.infn.it\/en\/wp-json\/wp\/v2\/types\/attachment"}],"author":[{"embeddable":true,"href":"https:\/\/artandscience.infn.it\/en\/wp-json\/wp\/v2\/users\/1128"}],"replies":[{"embeddable":true,"href":"https:\/\/artandscience.infn.it\/en\/wp-json\/wp\/v2\/comments?post=12166"}]}}

<p class="attachment"><a href='https://artandscience.infn.it/cms/wp-content/uploads/2021/02/infn-art-science-studente-6xtuj9-chiara-maestroni-vuoto-2.jpg.jpg'><img loading="lazy" decoding="async" width="447" height="600" src="https://artandscience.infn.it/cms/wp-content/uploads/2021/02/infn-art-science-studente-6xtuj9-chiara-maestroni-vuoto-2-447x600.jpg" class="attachment-medium size-medium" alt="" srcset="https://artandscience.infn.it/cms/wp-content/uploads/2021/02/infn-art-science-studente-6xtuj9-chiara-maestroni-vuoto-2-447x600.jpg 447w, https://artandscience.infn.it/cms/wp-content/uploads/2021/02/infn-art-science-studente-6xtuj9-chiara-maestroni-vuoto-2.jpg 719w" sizes="auto, (max-width: 447px) 100vw, 447px" /></a></p>
<p>Se si cerca sul vocabolario la parola vuoto una delle definizioni è “qualcosa che non contiene ciò che potrebbe contenere”. Ecco spiegata la mia foto, un parco e delle altalene senza bambini che ridono. Dal punto di vista fisico ho pensato di concentrarmi sul piccolo perché penso che trovare il vuoto nell’universo sia facile ma non penso sia facile trovarlo nel nostro piccolo: il nostro mondo è pieno di materia ed è colorato quindi dove non c&#8217;è, dove c&#8217;è il vuoto, non c&#8217;è neanche colore</p>

<p>Se si cerca sul vocabolario la parola vuoto una delle definizioni è “qualcosa che non contiene ciò che potrebbe contenere”. Ecco spiegata la mia foto, un parco e delle altalene senza bambini che ridono. Dal punto di vista fisico ho pensato di concentrarmi sul piccolo perché penso che trovare il vuoto nell’universo sia facile ma [&#8230;]</p>
<p><a class="btn btn-secondary understrap-read-more-link" href="https://artandscience.infn.it/en/vuoto-2-2/">Read More&#8230;</a></p>
